 3*s + s + 692. List the prime factors of (d/(-70))/(x/80).
2
Let j = 380 + -52. Let b = -120 + j. What are the prime factors of b?
2, 13
Suppose -2 = -5*m + 43. Let z = m - -61. Suppose -8 - z = -2*q. What are the prime factors of q?
3, 13
Let s = -3776 - -14804. What are the prime factors of s?
2, 3, 919
Suppose 3*g = -24*z + 25*z + 13176, 0 = -5*g + 2*z + 21959. What are the prime factors of g?
23, 191
Let b(y) be the first derivative of y**4/4 - 10*y**3/3 + 2*y**2 - 5*y + 8. Let k be b(10). Let n = 63 + k. What are the prime factors of n?
2, 7
Suppose q = -q + 6, 4*q - 36 = -2*x. Suppose -x*z - 27 = 9. What are the prime factors of 1 + (-2 - -3)/(z/(-510))?
3, 19
Suppose 14*z - 7*z = -9*z + 204848. List the prime factors of z.
7, 31, 59
Let f = 204 - 66. Suppose 80*j - 955 = 3605. Let i = f - j. List the prime factors of i.
3
Let p = 843 + -569. Suppose -2*l - 8 = 0, 4*k - 4*l = -k - p. Let j = -40 - k. What are the prime factors of j?
2, 3
Let f be (-230)/92*(-1 - 470)*2. Suppose -4*t - 11*t + f = 0. List the prime factors of t.
157
What are the prime factors of (-15)/2 + 9 + (-267172)/(-8)?
2, 16699
Suppose 3*z = 4*f + 16, 0 = 2*z - 0*z + 4*f - 24. Let h(s) = -26*s + 821. Let q be h(20). Suppose z*d - 19 = q. List the prime factors of d.
2, 5
Let i = 421 + -418. What are the prime factors of 626 + i*14/(-21)?
2, 3, 13
Suppose 29168 = 19*f - 15292. Suppose 3*h = 3*y + f, -5*y = -2*h + 1008 + 558. List the prime factors of h.
2, 389
Let f(k) be the first derivative of -11*k**2/2 - 3*k + 18. List the prime factors of f(-5).
2, 13
Let i be 773 + 0*(-2)/(-14). Suppose 9*d - 7687 - i = 0. What are the prime factors of d?
2, 5, 47
Let z = 1688 + -728. Suppose 0 = -8*u + 5552 - z. List the prime factors of u.
2, 7, 41
Let w = 12749 + -9064. What are the prime factors of w?
5, 11, 67
Let s(i) = -i**3 - 7*i**2 - 8*i - 10. Let l be s(-6). Let k be -1*(-1 - 1 - l). Suppose -4*c + 29 = -y - 415, -k*y + 204 = 2*c. What are the prime factors of c?
2, 5, 11
What are the prime factors of (-306)/136 - 28733/(-4)?
43, 167
Suppose 8*p - 10*p - 1 = -3*u, -2*u = -2*p + 2. Suppose 2558 = u*n - 2*a, -n + 5*n = -4*a + 3404. What are the prime factors of n?
2, 3, 71
Let d(c) = -18*c**3 + 41*c**2 + 90*c - 8. What are the prime factors of d(-8)?
2, 3, 463
Let w(j) = -17*j + 13. Let c(f) = -13*f - 2*f + 3 + 9 - 3*f. Let l(r) = -4*c(r) + 3*w(r). What are the prime factors of l(5)?
2, 3
Let j = 29 - 15. Suppose 0 = 5*t - 1 - j. Suppose 0 = -t*f + 362 - 113. What are the prime factors of f?
83
Let x be 159/6*1*(-8)/(-4). Suppose -x*f = -57*f + 7628. What are the prime factors of f?
1907
Suppose -73*a + 75*a + 2 = 0. What are the prime factors of (-93388)/(-148) + (-1 - a) + -1?
2, 3, 5, 7
Suppose -13*f + 226524 = 34644. List the prime factors of (4/3)/(48/f).
2, 5, 41
Suppose 6810 = r - f, 2*r - 19433 + 5828 = -f. List the prime factors of r.
5, 1361
Suppose -8*t - 11156 = -12*t + 3*v, v + 4 = 0. List the prime factors of t.
2, 7, 199
Let p = 61 + -13. Let r(j) = 5*j - 28. Let u be r(6). What are the prime factors of (p + 1)*(4 - u)?
2, 7
Let n be 746 + (3 + -5 + 6 - 5). Suppose -n = -7*c + 3413. List the prime factors of c.
2, 3, 11
Suppose 0 = -13*v - 10*v + 6670. Let r = v + -62. List the prime factors of r.
2, 3, 19
What are the prime factors of ((-31347)/15)/(2/(-5)) + (-3)/6?
2, 653
Let c be (16/(-10))/((-4)/10). Suppose -z = -c*u + 1125, 2*u + 2*u - 2*z - 1130 = 0. List the prime factors of u.
2, 5, 7
Let u(h) be the second derivative of -h**5/20 - h**4/3 - h**3 + 3*h**2/2 + 11*h. Let l be (4 + -8 - -2 - -8)*-1. List the prime factors of u(l).
3, 37
Let t be 4/(8/10) + (-13 - -506). Let n = t + -269. List the prime factors of n.
229
Let g = 3211 + -306. Suppose h + 5*f = -4*h + g, 4*f + 601 = h. List the prime factors of h.
3, 5, 13
Let t(m) = m**3 - 2*m**2 - 3*m - 1. Let o be t(0). What are the prime factors of ((-928)/128)/(o/48)?
2, 3, 29
Let b(w) = 42*w**2 + 26*w + 28. List the prime factors of b(-10).
2, 31
Let o(w) = -37*w - 30. Let l be o(-2). Suppose 2*u - 1612 = 3*j, l*j = -5*u + 42*j + 3992. What are the prime factors of u?
2, 5
Let l(j) be the third derivative of j**5/60 - j**4/8 - 97*j**3/6 - 156*j**2. List the prime factors of l(30).
23, 31
Let f be 33/(-11)*(-5)/(-3)*1. Let b be -29 + -991 - (f + -1 + 2). List the prime factors of b/(-10) - (2/(-5))/1.
2, 3, 17
Let v be 467/1 + (-1 - -1). Let z be (((-216)/20)/(-9))/((-14)/(-70)). Suppose -43 - v = -z*a. List the prime factors of a.
5, 17
Let h(b) = b**3 + 15*b**2 - 16*b + 38. Let q be h(-16). Let j = 3 + 43. Suppose l = q + j. What are the prime factors of l?
2, 3, 7
Suppose 0 = 10*p - 12 - 28. Let u(s) = 80*s - 20. What are the prime factors of u(p)?
2, 3, 5
List the prime factors of ((-96)/8)/((-129)/640915).
2, 5, 11, 271
Suppose 0 = 3*z + 2*b - 23, -4*b - 31 = -3*z - 8*b. Suppose 0 = -o - r + 31, 44 + 81 = 4*o + z*r. Let n = 102 - o. List the prime factors of n.
2, 3
Let a(m) = -23*m - 17. Let l be 27/(-9) + 1*37*1. Let g = l - 44. What are the prime factors of a(g)?
3, 71
Let y be 4/6*(-5661)/74. Let h = y - -49. List the prime factors of 2590/14 - (2/1 + h).
5, 37
Let u(s) = -24*s + 27. Let p be u(-3). Let x = -119 + p. What are the prime factors of (1524/x - -3)*(-5)/2?
3, 61
Let p = -11 - 25. Let m = 0 - p. Let q = m + 105. What are the prime factors of q?
3, 47
Let n(u) = -1808*u - 5022. What are the prime factors of n(-19)?
2, 5, 7, 419
Let g be (30/(-9) + 4)/(2/6). Suppose -3*m - g*n + 1709 = 0, -5*m + n - 3*n + 2843 = 0. List the prime factors of m.
3, 7
Let h(m) = 5*m - 27. Let o(r) = 7*r**2 - 1. Let s be o(-1). Let z be h(s). Suppose z*v = 7 + 176. What are the prime factors of v?
61
Let x(y) = 8*y**2 + 4*y - 12. Let b be x(15). Suppose -2*k - k - b = -5*j, -j - 2*k = -367. List the prime factors of j.
3, 41
Let p(d) = 6*d**2 + d**2 - 1 + 9*d + 2*d**2. Let x be p(-11). Suppose 5*j + 184 = x. List the prime factors of j.
7, 23
Let v(r) = 20*r - 73. Suppose 4*f - 70 = -3*x + 2*f, -5*x + 121 = -f. What are the prime factors of v(x)?
11, 37
Let z be (-6)/(-2 + (-125)/(-70)). Let n be (16/2 + z/(-14))*1. Suppose -13*v = -n*v - 280. What are the prime factors of v?
2, 5
Let h(o) = 331*o**2 - 624*o + 3. What are the prime factors of h(8)?
5, 41, 79
Let z(g) = -g**3 + 14*g**2 + 3*g - 34. Let l be (3/2)/((-1 - -4)/18). List the prime factors of z(l).
2, 199
Let l = 32806 + -16179. What are the prime factors of l?
13, 1279
Let r(i) = 21*i**2 - 33*i - 1436. What are the prime factors of r(-32)?
2, 5281
Let a be 6/7 - (-192)/168. Suppose -5*q = a*n - 761, 0 = 3*q - 15. List the prime factors of n.
2, 23
Suppose 33*l - 32*l + 4*f = 277, f + 1108 = 4*l. Let g = 1381 - l. What are the prime factors of g?
2, 3, 23
Let v be 225200/136 - (-4)/34. Suppose 6*x = 666 + v. What are the prime factors of x?
3, 43
Let z = 36735 + 31687. List the prime factors of z.
2, 34211
Let d be -2 - 7/(-3) - (-5)/3. Suppose -2*q = 2*i - 1366, 2*i - d*q = 2*q + 1372. List the prime factors of (6/5)/3 - i/(-15).
2, 23
Let y(j) = -j**3 + 14*j**2 + 31*j + 20. Let z be y(16). Suppose z*p + 522 = -0*f + 2*f, 0 = 2*p + 6. Suppose i - f + 64 = 0. What are the prime factors of i?
191
Let n be 2/(-10)*2312 - 12/(-30). List the prime factors of (49/(-1))/(42/n).
7, 11
Suppose -5*b = 15, 4*c - 1702 = 85*b - 87*b. List the prime factors of c.
7, 61
List the prime factors of 2/(-12)*1/((-11)/1562)*168.
2, 7, 71
Let t(v) = -12 + 6 - 27 + 81*v. What are the prime factors of t(4)?
3, 97
Let t = -598 + 607. List the prime factors of (t + -19 + 9)*3396/(-3).
2, 283
Let q(y) = -y**3 + 46*y**2 - 58*y - 116. What are the prime factors of q(39)?
8269
Suppose 5*y - 6*b + 1013 - 103375 = 0, -4*y + 2*b + 81898 = 0. What are the prime factors of y?
2, 5119
Let x = -35767 + 39138. What are the prime factors of x?
3371
Let m(o) = 2*o + 26. Let x be m(-5). Let w = x + -31. Let p(y) = y**3 + 17*y**2 + 22*y + 8. What are the prime factors of p(w)?
2
Let p = 42 - 37. Suppose 0 = -2*j - m + 74, m + 143 = p*j - 28. Let z = 78 - j. List the prime factors of z.
43
Suppose -4362*s + 4405*s = 469560. What are the prime factors of s?
2, 3, 5, 7, 13
Let f(d) = 5*d - 13. Let b be f(3). Let k be 2*(-6)/(-4) - (b + -1). List the prime factors of k/9*1 - 3325